- 155, -2*y - 5*o = 3*y - 190. Suppose -p - 4*d + y = -55, -d = 4*p - 427. Calculate the remainder when p is divided by 33.
9
Let y = 609 - 599. Calculate the remainder when 1857 is divided by y.
7
Let u = 21427 - 21386. Calculate the remainder when 3771 is divided by u.
40
Let o(a) = 7*a - 60. Let r be (-12)/28 + 4/(112/292). What is the remainder when 19 is divided by o(r)?
9
Suppose -2*q + 2354 = -4*o, 4*q + 8 = -5*o + 4690. What is the remainder when q is divided by 131?
125
Let b be 2/(4/3)*20/15. Suppose -140 = -b*s + 2*a, a = 2*a - 2. Calculate the remainder when 142 is divided by s.
70
Calculate the remainder when -3 + 4942/3 + (-21 - (-1040)/48) is divided by 43.
11
Let s(n) = 2 - 6*n + 3 - 12 + 13*n. Suppose 2*y - m - 60 = 0, 140 = 4*y - 0*y + 3*m. Calculate the remainder when s(10) is divided by y.
31
Suppose 0 = -3*u - 9, 0*f + 4*u = 2*f + 10. Let t(w) = -w**2 - 19*w - 69. Calculate the remainder when 26 is divided by t(f).
7
Suppose -f = -3*f - 2*f. Suppose 5*y - 3*d - 322 = f, 11*y - 264 = 7*y + 4*d. Suppose 4*l - 42 = 10. What is the remainder when y is divided by l?
10
Let p(n) = -140*n - 2589. Calculate the remainder when p(-22) is divided by 87.
56
Let r be (-1)/(1*(-3)/198). Suppose 0 = -4*y + 2*y + r. Suppose 82*k + 23*k - 1057 - 308 = 0. What is the remainder when y is divided by k?
7
What is the remainder when (-1)/5*(-3 + (-82739)/17) is divided by 65?
64
Suppose 4*o - 13*m = -11*m + 192, 4*o - 4*m - 184 = 0. Calculate the remainder when 1749 is divided by o.
49
Let d(t) = -t**3 + 20*t**2 + 3*t - 424. Let c be d(19). Let y = 63 + -39. Calculate the remainder when ((-906)/y + -2)*16/c is divided by 36.
34
Let f(w) = -w**3 + 7*w**2 + 30*w - 160. What is the remainder when 78 is divided by f(8)?
14
Suppose n - 5*c + 23 = 59, -n + 36 = -c. Calculate the remainder when 178 is divided by n.
34
Suppose 2*c - 374 = 496. Let o = -394 + c. Calculate the remainder when 530 is divided by o.
38
Let o = -124 + 88. Let b = o - -266. Suppose 0 = -6*j + b - 2. What is the remainder when j is divided by 10?
8
Let u(q) = q**3 - 8*q**2 - 2*q + 12. Let m be u(8). Let c = m + 42. Let a = -2127 - -2149. What is the remainder when c is divided by a?
16
Suppose 226*i - 3973 = 197*i. Calculate the remainder when 1505 is divided by i.
135
Suppose -c = -3*t - 1590, -t - 4764 = -5*c + 3214. Calculate the remainder when c is divided by 47.
45
Let a be (-20)/(-25)*5 - -6. What is the remainder when 54 is divided by (-7)/((-42)/(-9))*a/(-3)?
4
Calculate the remainder when 5827 is divided by ((-81070)/1815)/(2*(-2)/(-12) + -1).
65
Suppose 11*m + 106 = 3*r + 6*m, 5*r - 263 = -4*m. Calculate the remainder when 2443 is divided by r.
46
Let i = 56 - 29. What is the remainder when (-2 - 0)*(-25004)/376 is divided by i?
25
Let w = 12 + -6. Suppose 8 = 3*k - 73. Calculate the remainder when ((-3)/((-15)/(-20)))/(-4) + k is divided by w.
4
Let u(d) = 272*d + 714. Calculate the remainder when u(6) is divided by 47.
43
Let g = -1555 - -1615. What is the remainder when g is divided by 2?
0
Suppose 13 = -v - b, -4*v - 3*b - 52 = 2*b. Let j(p) = -3*p + 3. Calculate the remainder when j(v) is divided by 18.
6
Suppose -80*m = -81*m. Suppose 2*j - 21 = -c, m = 3*c - 2*j + 6 - 37. Suppose -2*r + 131 - 35 = 0. What is the remainder when r is divided by c?
9
Suppose 0 = -5*w + 4*h + 1161 - 830, -2*w + 166 = 4*h. What is the remainder when 8517 is divided by w?
68
Let i(k) = 109*k - 306. What is the remainder when 2058 is divided by i(3)?
0
Let r = -206 - 230. Let t = r + 480. Calculate the remainder when 136 is divided by t.
4
Let y(f) = -17*f + 1098. Calculate the remainder when y(-2) is divided by 103.
102
What is the remainder when 140 is divided by 50/((-10)/(-8)*(216/(-45))/(-12))?
40
Suppose -2*y + 21 = -2*g + 3*y, -g - 5*y = 3. What is the remainder when (-2 + (-4)/(-3))*9/(-2) is divided by 30/35 + (g/(-7) - 1)?
0
Suppose -60 = -19*c + 14*c. Let w be ((-1)/(c/40))/((-2)/(-6)). What is the remainder when 25 is divided by (2 - (-64)/5) + (-2)/w?
10
Suppose -598*z + 605*z + 35 = 0. Let l(j) = 3*j**2 + 26*j + 108. What is the remainder when 104 is divided by l(z)?
51
Let f be 0*(2/(-4) - (-21)/14). Suppose f = -3*c - c - 8, 3*d - 5*c - 97 = 0. Calculate the remainder when 51 is divided by d.
22
Suppose 2*o - 71 = -3*w, -127 = 3*o - 3*w - 241. What is the remainder when o is divided by 14?
9
Let t(g) = -5*g - 22. Let n be t(-10). Suppose n = 2*v + 3*k, 0 = -5*v - 4*k - 5 + 68. Let r = 26 - v. Calculate the remainder when 28 is divided by r.
13
Let q(y) = 73*y**3 - 12*y**2 + 5*y + 57. What is the remainder when q(3) is divided by 11?
10
Let j(w) = 68*w - 1. Let v = 441690 + -441437. Calculate the remainder when v is divided by j(1).
52
Let k = 4 + 26. Suppose 29 = 4*d - 35. Calculate the remainder when k is divided by d.
14
Let f = -569 - -57. Let a = -490 - f. What is the remainder when 25 is divided by a?
3
Let i be 4/1*(-27)/(-108). Let t(p) = 122*p**3 + p**2 + 2*p - 3. Calculate the remainder when t(i) is divided by 32 + 1*3/(-3).
29
Let z be (4 - -2427) + (4 - 0). Suppose -z = 12*r - 5987. What is the remainder when r is divided by 43?
38
Let z(l) = -6*l**2 - 35*l - 52. Let x be z(-10). Let i = 335 + x. Calculate the remainder when i is divided by 30.
3
Suppose -32*j + 31*j = -4*t + 3125, 2*j - 2330 = -3*t. Calculate the remainder when t is divided by 154.
10
Let n be (2/(-5))/(12/20)*-90. Suppose -3*i + 2*k - n - 116 = 0, 0 = -3*k + 3. Let s = -26 - i. Calculate the remainder when 189 is divided by s.
29
Suppose 29*b - 10 = 24*b. Suppose -b*r - 6*r + 1008 = 0. Let l(w) = 3*w - 1. What is the remainder when r is divided by l(11)?
30
Let u(i) = 2*i + 1. Let o be u(1). Suppose 0 = 3*z + 3*q - 6, o*q + 2*q = -4*z + 4. What is the remainder when 60 is divided by ((-34)/3)/(z/(-9))?
9
Suppose 5*i - 5*y - 40 = 0, -3*y + 1 = 10. Suppose 0 = 2*a + 2*j - 52, -i*j + 4*j = 0. Calculate the remainder when 76 is divided by a.
24
Calculate the remainder when 6631 is divided by 3 + 156/3 + -8*133/152.
7
Let f = 53 - -250. Let a = f - 201. Suppose -a*q + 96*q + 318 = 0. What is the remainder when q is divided by 14?
11
Calculate the remainder when 5978*(2/(-4))/(18 - 19) is divided by 26.
25
Let g(y) be the second derivative of 3*y - 4/3*y**3 - 10*y**2 + 0. What is the remainder when 83 is divided by g(-6)?
27
Suppose 4*s - 2*s - c - 70 = 0, -3*s + 144 = 5*c. Let x = 4 + -1. Suppose 0 = -2*u + w + 33, 4*u - 43 = -x*w + s. What is the remainder when 35 is divided by u?
17
Let v(f) = 12*f**2 - 68*f - 51. Calculate the remainder when v(-13) is divided by 99.
89
Let u(j) = 142*j - 8879. What is the remainder when 2506 is divided by u(64)?
207
Let d be (-2 - -2 - 0)*8/(-16). Suppose -15*j + 18*j + 45 = d. Let z = j - -47. Calculate the remainder when z is divided by 7.
4
Let n(q) = 4*q - 20. Let j be 4*1/24 + (-29)/(-6). Let f be n(j). Let o = 32 + f. Calculate the remainder when o is divided by 7.
4
Let c = -7148 + 7503. Calculate the remainder when c is divided by 94.
73
Let f = -35072 + 35109. Calculate the remainder when 2403 is divided by f.
35
Suppose -43*y - 73*y = -22736. Calculate the remainder when 4109 is divided by y.
189
Suppose 66*x + 34*x - 4604 = 21596. What is the remainder when x is divided by 1/(3 + (-294)/99)?
31
Let t = 3112 - 3056. What is the remainder when 1/((-1)/(-106)) - -2 is divided by t?
52
What is the remainder when (-7)/(14/(-592))*1 is divided by ((-187)/51)/((-1)/9)?
32
Suppose -2*v = -4*m + 212, -v - 4 = -0*v. What is the remainder when m is divided by 16 - ((4 - 0) + (-44 - -45))?
7
Let r(n) = 40*n**3 - n**2 - n + 1. Let v be r(1). Suppose -l + 102 = v. Calculate the remainder when l is divided by 1254/77 + ((-8)/28 - 0).
15
Let u = -1452 + 1951. What is the remainder when u is divided by 7?
2
Let u be -4*(-9)/(-21)*(-70)/4. Suppose -4*r = -5*r + 79. What is the remainder when r is divided by u*(2/10 + 84/180)?
19
Let f(g) = -13*g + 329. Suppose 34*z + 72 = 38*z. What is the remainder when f(19) is divided by z?
10
Let d = 24633 - 24372. Let t = -16 + 99. Let r = d - t. Calculate the remainder when r is divided by 36.
34
Calculate the remainder when (123607/(-2244))/(1/(-12)) is divided by 51.
49
Let y(c) = 6*c**2 - 4*c - 1 + 4*c**2 + 7*c - c**2